{"id":1726,"date":"2024-11-09T09:21:07","date_gmt":"2024-11-09T08:21:07","guid":{"rendered":"https:\/\/healthlinkdistributors.com\/?post_type=product&#038;p=1726"},"modified":"2024-11-09T16:03:24","modified_gmt":"2024-11-09T15:03:24","slug":"aiguilles-dinjection","status":"publish","type":"product","link":"https:\/\/healthlinkdistributors.com\/?product=aiguilles-dinjection","title":{"rendered":"Aiguilles d&rsquo;injection"},"content":{"rendered":"","protected":false},"excerpt":{"rendered":"<ul>\n<li>\u00d8 (mm) \/ G. &#8211;\u00a0 30G\/32G\/34G<\/li>\n<li>Longueur &#8211; 4mm\/13mm\/25mm<\/li>\n<li>Bo\u00eete de contenu : &#8211; 100 pi\u00e8ces<\/li>\n<li>Jetable &#8211; oui<\/li>\n<li>Les\u00a0 aiguilles d&rsquo;injection \u00e0 usage unique. Aiguille de m\u00e9soth\u00e9rapie\u00a0 de haute qualit\u00e9. Pour une injection fluide et contr\u00f4l\u00e9e. Id\u00e9ales pour toutes les injections de m\u00e9soth\u00e9rapie, de toxine botulique et autres applications.<\/li>\n<\/ul>\n","protected":false},"featured_media":1401,"comment_status":"open","ping_status":"closed","template":"","meta":{"_uag_custom_page_level_css":"","site-sidebar-layout":"default","site-content-layout":"","ast-site-content-layout":"default","site-content-style":"default","site-sidebar-style":"default","ast-global-header-display":"","ast-banner-title-visibility":"","ast-main-header-display":"","ast-hfb-above-header-display":"","ast-hfb-below-header-display":"","ast-hfb-mobile-header-display":"","site-post-title":"","ast-breadcrumbs-content":"","ast-featured-img":"","footer-sml-layout":"","ast-disable-related-posts":"","theme-transparent-header-meta":"default","adv-header-id-meta":"","stick-header-meta":"","header-above-stick-meta":"","header-main-stick-meta":"","header-below-stick-meta":"","astra-migrate-meta-layouts":"set","ast-page-background-enabled":"default","ast-page-background-meta":{"desktop":{"background-color":"","background-image":"","background-repeat":"repeat","background-position":"center center","background-size":"auto","background-attachment":"scroll","background-type":"","background-media":"","overlay-type":"","overlay-color":"","overlay-opacity":"","overlay-gradient":""},"tablet":{"background-color":"","background-image":"","background-repeat":"repeat","background-position":"center center","background-size":"auto","background-attachment":"scroll","background-type":"","background-media":"","overlay-type":"","overlay-color":"","overlay-opacity":"","overlay-gradient":""},"mobile":{"background-color":"","background-image":"","background-repeat":"repeat","background-position":"center center","background-size":"auto","background-attachment":"scroll","background-type":"","background-media":"","overlay-type":"","overlay-color":"","overlay-opacity":"","overlay-gradient":""}},"ast-content-background-meta":{"desktop":{"background-color":"var(--ast-global-color-4)","background-image":"","background-repeat":"repeat","background-position":"center center","background-size":"auto","background-attachment":"scroll","background-type":"","background-media":"","overlay-type":"","overlay-color":"","overlay-opacity":"","overlay-gradient":""},"tablet":{"background-color":"var(--ast-global-color-4)","background-image":"","background-repeat":"repeat","background-position":"center center","background-size":"auto","background-attachment":"scroll","background-type":"","background-media":"","overlay-type":"","overlay-color":"","overlay-opacity":"","overlay-gradient":""},"mobile":{"background-color":"var(--ast-global-color-4)","background-image":"","background-repeat":"repeat","background-position":"center center","background-size":"auto","background-attachment":"scroll","background-type":"","background-media":"","overlay-type":"","overlay-color":"","overlay-opacity":"","overlay-gradient":""}}},"product_brand":[],"product_cat":[30],"product_tag":[],"class_list":{"0":"post-1726","1":"product","2":"type-product","3":"status-publish","4":"has-post-thumbnail","6":"product_cat-produit-de-medecine-esthetique","7":"desktop-align-left","8":"tablet-align-left","9":"mobile-align-left","11":"first","12":"instock","13":"shipping-taxable","14":"product-type-simple"},"yoast_head":"<!-- This site is optimized with the Yoast SEO plugin v24.5 - https:\/\/yoast.com\/wordpress\/plugins\/seo\/ -->\n<title>Aiguilles d&#039;injection - healthlinkdistributors<\/title>\n<meta name=\"robots\" content=\"index, follow, max-snippet:-1, max-image-preview:large, max-video-preview:-1\" \/>\n<link rel=\"canonical\" href=\"https:\/\/healthlinkdistributors.com\/?product=aiguilles-dinjection\" \/>\n<meta property=\"og:locale\" content=\"fr_FR\" \/>\n<meta property=\"og:type\" content=\"article\" \/>\n<meta property=\"og:title\" content=\"Aiguilles d&#039;injection - healthlinkdistributors\" \/>\n<meta property=\"og:description\" content=\"\u00d8 (mm) \/ G. -\u00a0 30G\/32G\/34G  Longueur - 4mm\/13mm\/25mm  Bo\u00eete de contenu : - 100 pi\u00e8ces  Jetable - oui  Les\u00a0 aiguilles d&#039;injection \u00e0 usage unique. Aiguille de m\u00e9soth\u00e9rapie\u00a0 de haute qualit\u00e9. Pour une injection fluide et contr\u00f4l\u00e9e. Id\u00e9ales pour toutes les injections de m\u00e9soth\u00e9rapie, de toxine botulique et autres applications.\" \/>\n<meta property=\"og:url\" content=\"https:\/\/healthlinkdistributors.com\/?product=aiguilles-dinjection\" \/>\n<meta property=\"og:site_name\" content=\"healthlinkdistributors\" \/>\n<meta property=\"article:publisher\" content=\"https:\/\/www.facebook.com\/share\/1C3ZdXDcGK\/?mibextid=wwXIfr\" \/>\n<meta property=\"article:modified_time\" content=\"2024-11-09T15:03:24+00:00\" \/>\n<meta property=\"og:image\" content=\"https:\/\/healthlinkdistributors.com\/wp-content\/uploads\/2024\/11\/bf5b4f7d-cca0-4d1d-959d-672529f35a0b.jpeg\" \/>\n\t<meta property=\"og:image:width\" content=\"1000\" \/>\n\t<meta property=\"og:image:height\" content=\"1000\" \/>\n\t<meta property=\"og:image:type\" content=\"image\/jpeg\" \/>\n<meta name=\"twitter:card\" content=\"summary_large_image\" \/>\n<script type=\"application\/ld+json\" class=\"yoast-schema-graph\">{\"@context\":\"https:\/\/schema.org\",\"@graph\":[{\"@type\":\"WebPage\",\"@id\":\"https:\/\/healthlinkdistributors.com\/?product=aiguilles-dinjection\",\"url\":\"https:\/\/healthlinkdistributors.com\/?product=aiguilles-dinjection\",\"name\":\"Aiguilles d'injection - healthlinkdistributors\",\"isPartOf\":{\"@id\":\"https:\/\/healthlinkdistributors.com\/#website\"},\"primaryImageOfPage\":{\"@id\":\"https:\/\/healthlinkdistributors.com\/?product=aiguilles-dinjection#primaryimage\"},\"image\":{\"@id\":\"https:\/\/healthlinkdistributors.com\/?product=aiguilles-dinjection#primaryimage\"},\"thumbnailUrl\":\"https:\/\/healthlinkdistributors.com\/wp-content\/uploads\/2024\/11\/bf5b4f7d-cca0-4d1d-959d-672529f35a0b.jpeg\",\"datePublished\":\"2024-11-09T08:21:07+00:00\",\"dateModified\":\"2024-11-09T15:03:24+00:00\",\"breadcrumb\":{\"@id\":\"https:\/\/healthlinkdistributors.com\/?product=aiguilles-dinjection#breadcrumb\"},\"inLanguage\":\"fr-FR\",\"potentialAction\":[{\"@type\":\"ReadAction\",\"target\":[\"https:\/\/healthlinkdistributors.com\/?product=aiguilles-dinjection\"]}]},{\"@type\":\"ImageObject\",\"inLanguage\":\"fr-FR\",\"@id\":\"https:\/\/healthlinkdistributors.com\/?product=aiguilles-dinjection#primaryimage\",\"url\":\"https:\/\/healthlinkdistributors.com\/wp-content\/uploads\/2024\/11\/bf5b4f7d-cca0-4d1d-959d-672529f35a0b.jpeg\",\"contentUrl\":\"https:\/\/healthlinkdistributors.com\/wp-content\/uploads\/2024\/11\/bf5b4f7d-cca0-4d1d-959d-672529f35a0b.jpeg\",\"width\":1000,\"height\":1000},{\"@type\":\"BreadcrumbList\",\"@id\":\"https:\/\/healthlinkdistributors.com\/?product=aiguilles-dinjection#breadcrumb\",\"itemListElement\":[{\"@type\":\"ListItem\",\"position\":1,\"name\":\"Accueil\",\"item\":\"https:\/\/healthlinkdistributors.com\/\"},{\"@type\":\"ListItem\",\"position\":2,\"name\":\"Boutique\",\"item\":\"https:\/\/healthlinkdistributors.com\/?page_id=1526\"},{\"@type\":\"ListItem\",\"position\":3,\"name\":\"Aiguilles d&rsquo;injection\"}]},{\"@type\":\"WebSite\",\"@id\":\"https:\/\/healthlinkdistributors.com\/#website\",\"url\":\"https:\/\/healthlinkdistributors.com\/\",\"name\":\"healthlinkdistributors\",\"description\":\"\",\"publisher\":{\"@id\":\"https:\/\/healthlinkdistributors.com\/#organization\"},\"potentialAction\":[{\"@type\":\"SearchAction\",\"target\":{\"@type\":\"EntryPoint\",\"urlTemplate\":\"https:\/\/healthlinkdistributors.com\/?s={search_term_string}\"},\"query-input\":{\"@type\":\"PropertyValueSpecification\",\"valueRequired\":true,\"valueName\":\"search_term_string\"}}],\"inLanguage\":\"fr-FR\"},{\"@type\":\"Organization\",\"@id\":\"https:\/\/healthlinkdistributors.com\/#organization\",\"name\":\"healthlinkdistributors\",\"url\":\"https:\/\/healthlinkdistributors.com\/\",\"logo\":{\"@type\":\"ImageObject\",\"inLanguage\":\"fr-FR\",\"@id\":\"https:\/\/healthlinkdistributors.com\/#\/schema\/logo\/image\/\",\"url\":\"https:\/\/healthlinkdistributors.com\/wp-content\/uploads\/2024\/11\/cropped-IMG_8390.png\",\"contentUrl\":\"https:\/\/healthlinkdistributors.com\/wp-content\/uploads\/2024\/11\/cropped-IMG_8390.png\",\"width\":572,\"height\":202,\"caption\":\"healthlinkdistributors\"},\"image\":{\"@id\":\"https:\/\/healthlinkdistributors.com\/#\/schema\/logo\/image\/\"},\"sameAs\":[\"https:\/\/www.facebook.com\/share\/1C3ZdXDcGK\/?mibextid=wwXIfr\"]}]}<\/script>\n<!-- \/ Yoast SEO plugin. -->","yoast_head_json":{"title":"Aiguilles d'injection - healthlinkdistributors","robots":{"index":"index","follow":"follow","max-snippet":"max-snippet:-1","max-image-preview":"max-image-preview:large","max-video-preview":"max-video-preview:-1"},"canonical":"https:\/\/healthlinkdistributors.com\/?product=aiguilles-dinjection","og_locale":"fr_FR","og_type":"article","og_title":"Aiguilles d'injection - healthlinkdistributors","og_description":"\u00d8 (mm) \/ G. -\u00a0 30G\/32G\/34G  Longueur - 4mm\/13mm\/25mm  Bo\u00eete de contenu : - 100 pi\u00e8ces  Jetable - oui  Les\u00a0 aiguilles d'injection \u00e0 usage unique. Aiguille de m\u00e9soth\u00e9rapie\u00a0 de haute qualit\u00e9. Pour une injection fluide et contr\u00f4l\u00e9e. Id\u00e9ales pour toutes les injections de m\u00e9soth\u00e9rapie, de toxine botulique et autres applications.","og_url":"https:\/\/healthlinkdistributors.com\/?product=aiguilles-dinjection","og_site_name":"healthlinkdistributors","article_publisher":"https:\/\/www.facebook.com\/share\/1C3ZdXDcGK\/?mibextid=wwXIfr","article_modified_time":"2024-11-09T15:03:24+00:00","og_image":[{"width":1000,"height":1000,"url":"https:\/\/healthlinkdistributors.com\/wp-content\/uploads\/2024\/11\/bf5b4f7d-cca0-4d1d-959d-672529f35a0b.jpeg","type":"image\/jpeg"}],"twitter_card":"summary_large_image","schema":{"@context":"https:\/\/schema.org","@graph":[{"@type":"WebPage","@id":"https:\/\/healthlinkdistributors.com\/?product=aiguilles-dinjection","url":"https:\/\/healthlinkdistributors.com\/?product=aiguilles-dinjection","name":"Aiguilles d'injection - healthlinkdistributors","isPartOf":{"@id":"https:\/\/healthlinkdistributors.com\/#website"},"primaryImageOfPage":{"@id":"https:\/\/healthlinkdistributors.com\/?product=aiguilles-dinjection#primaryimage"},"image":{"@id":"https:\/\/healthlinkdistributors.com\/?product=aiguilles-dinjection#primaryimage"},"thumbnailUrl":"https:\/\/healthlinkdistributors.com\/wp-content\/uploads\/2024\/11\/bf5b4f7d-cca0-4d1d-959d-672529f35a0b.jpeg","datePublished":"2024-11-09T08:21:07+00:00","dateModified":"2024-11-09T15:03:24+00:00","breadcrumb":{"@id":"https:\/\/healthlinkdistributors.com\/?product=aiguilles-dinjection#breadcrumb"},"inLanguage":"fr-FR","potentialAction":[{"@type":"ReadAction","target":["https:\/\/healthlinkdistributors.com\/?product=aiguilles-dinjection"]}]},{"@type":"ImageObject","inLanguage":"fr-FR","@id":"https:\/\/healthlinkdistributors.com\/?product=aiguilles-dinjection#primaryimage","url":"https:\/\/healthlinkdistributors.com\/wp-content\/uploads\/2024\/11\/bf5b4f7d-cca0-4d1d-959d-672529f35a0b.jpeg","contentUrl":"https:\/\/healthlinkdistributors.com\/wp-content\/uploads\/2024\/11\/bf5b4f7d-cca0-4d1d-959d-672529f35a0b.jpeg","width":1000,"height":1000},{"@type":"BreadcrumbList","@id":"https:\/\/healthlinkdistributors.com\/?product=aiguilles-dinjection#breadcrumb","itemListElement":[{"@type":"ListItem","position":1,"name":"Accueil","item":"https:\/\/healthlinkdistributors.com\/"},{"@type":"ListItem","position":2,"name":"Boutique","item":"https:\/\/healthlinkdistributors.com\/?page_id=1526"},{"@type":"ListItem","position":3,"name":"Aiguilles d&rsquo;injection"}]},{"@type":"WebSite","@id":"https:\/\/healthlinkdistributors.com\/#website","url":"https:\/\/healthlinkdistributors.com\/","name":"healthlinkdistributors","description":"","publisher":{"@id":"https:\/\/healthlinkdistributors.com\/#organization"},"potentialAction":[{"@type":"SearchAction","target":{"@type":"EntryPoint","urlTemplate":"https:\/\/healthlinkdistributors.com\/?s={search_term_string}"},"query-input":{"@type":"PropertyValueSpecification","valueRequired":true,"valueName":"search_term_string"}}],"inLanguage":"fr-FR"},{"@type":"Organization","@id":"https:\/\/healthlinkdistributors.com\/#organization","name":"healthlinkdistributors","url":"https:\/\/healthlinkdistributors.com\/","logo":{"@type":"ImageObject","inLanguage":"fr-FR","@id":"https:\/\/healthlinkdistributors.com\/#\/schema\/logo\/image\/","url":"https:\/\/healthlinkdistributors.com\/wp-content\/uploads\/2024\/11\/cropped-IMG_8390.png","contentUrl":"https:\/\/healthlinkdistributors.com\/wp-content\/uploads\/2024\/11\/cropped-IMG_8390.png","width":572,"height":202,"caption":"healthlinkdistributors"},"image":{"@id":"https:\/\/healthlinkdistributors.com\/#\/schema\/logo\/image\/"},"sameAs":["https:\/\/www.facebook.com\/share\/1C3ZdXDcGK\/?mibextid=wwXIfr"]}]}},"jetpack_sharing_enabled":true,"uagb_featured_image_src":{"full":["https:\/\/healthlinkdistributors.com\/wp-content\/uploads\/2024\/11\/bf5b4f7d-cca0-4d1d-959d-672529f35a0b.jpeg",1000,1000,false],"thumbnail":["https:\/\/healthlinkdistributors.com\/wp-content\/uploads\/2024\/11\/bf5b4f7d-cca0-4d1d-959d-672529f35a0b-150x150.jpeg",150,150,true],"medium":["https:\/\/healthlinkdistributors.com\/wp-content\/uploads\/2024\/11\/bf5b4f7d-cca0-4d1d-959d-672529f35a0b-300x300.jpeg",300,300,true],"medium_large":["https:\/\/healthlinkdistributors.com\/wp-content\/uploads\/2024\/11\/bf5b4f7d-cca0-4d1d-959d-672529f35a0b-768x768.jpeg",768,768,true],"large":["https:\/\/healthlinkdistributors.com\/wp-content\/uploads\/2024\/11\/bf5b4f7d-cca0-4d1d-959d-672529f35a0b.jpeg",1000,1000,false],"1536x1536":["https:\/\/healthlinkdistributors.com\/wp-content\/uploads\/2024\/11\/bf5b4f7d-cca0-4d1d-959d-672529f35a0b.jpeg",1000,1000,false],"2048x2048":["https:\/\/healthlinkdistributors.com\/wp-content\/uploads\/2024\/11\/bf5b4f7d-cca0-4d1d-959d-672529f35a0b.jpeg",1000,1000,false],"mailpoet_newsletter_max":["https:\/\/healthlinkdistributors.com\/wp-content\/uploads\/2024\/11\/bf5b4f7d-cca0-4d1d-959d-672529f35a0b.jpeg",1000,1000,false],"woocommerce_thumbnail":["https:\/\/healthlinkdistributors.com\/wp-content\/uploads\/2024\/11\/bf5b4f7d-cca0-4d1d-959d-672529f35a0b-300x300.jpeg",300,300,true],"woocommerce_single":["https:\/\/healthlinkdistributors.com\/wp-content\/uploads\/2024\/11\/bf5b4f7d-cca0-4d1d-959d-672529f35a0b-600x600.jpeg",600,600,true],"woocommerce_gallery_thumbnail":["https:\/\/healthlinkdistributors.com\/wp-content\/uploads\/2024\/11\/bf5b4f7d-cca0-4d1d-959d-672529f35a0b-100x100.jpeg",100,100,true]},"uagb_author_info":{"display_name":"Healthlink","author_link":"https:\/\/healthlinkdistributors.com\/?author=0"},"uagb_comment_info":0,"uagb_excerpt":"\u00d8 (mm) \/ G. -\u00a0 30G\/32G\/34G Longueur - 4mm\/13mm\/25mm Bo\u00eete de contenu : - 100 pi\u00e8ces Jetable - oui Les\u00a0 aiguilles d'injection \u00e0 usage unique. Aiguille de m\u00e9soth\u00e9rapie\u00a0 de haute qualit\u00e9. Pour une injection fluide et contr\u00f4l\u00e9e. Id\u00e9ales pour toutes les injections de m\u00e9soth\u00e9rapie, de toxine botulique et autres applications.","_links":{"self":[{"href":"https:\/\/healthlinkdistributors.com\/index.php?rest_route=\/wp\/v2\/product\/1726"}],"collection":[{"href":"https:\/\/healthlinkdistributors.com\/index.php?rest_route=\/wp\/v2\/product"}],"about":[{"href":"https:\/\/healthlinkdistributors.com\/index.php?rest_route=\/wp\/v2\/types\/product"}],"replies":[{"embeddable":true,"href":"https:\/\/healthlinkdistributors.com\/index.php?rest_route=%2Fwp%2Fv2%2Fcomments&post=1726"}],"version-history":[{"count":4,"href":"https:\/\/healthlinkdistributors.com\/index.php?rest_route=\/wp\/v2\/product\/1726\/revisions"}],"predecessor-version":[{"id":1793,"href":"https:\/\/healthlinkdistributors.com\/index.php?rest_route=\/wp\/v2\/product\/1726\/revisions\/1793"}],"wp:featuredmedia":[{"embeddable":true,"href":"https:\/\/healthlinkdistributors.com\/index.php?rest_route=\/wp\/v2\/media\/1401"}],"wp:attachment":[{"href":"https:\/\/healthlinkdistributors.com\/index.php?rest_route=%2Fwp%2Fv2%2Fmedia&parent=1726"}],"wp:term":[{"taxonomy":"product_brand","embeddable":true,"href":"https:\/\/healthlinkdistributors.com\/index.php?rest_route=%2Fwp%2Fv2%2Fproduct_brand&post=1726"},{"taxonomy":"product_cat","embeddable":true,"href":"https:\/\/healthlinkdistributors.com\/index.php?rest_route=%2Fwp%2Fv2%2Fproduct_cat&post=1726"},{"taxonomy":"product_tag","embeddable":true,"href":"https:\/\/healthlinkdistributors.com\/index.php?rest_route=%2Fwp%2Fv2%2Fproduct_tag&post=1726"}],"curies":[{"name":"wp","href":"https:\/\/api.w.org\/{rel}","templated":true}]}}