{"id":1813,"date":"2024-11-09T17:55:38","date_gmt":"2024-11-09T16:55:38","guid":{"rendered":"https:\/\/healthlinkdistributors.com\/?page_id=1813"},"modified":"2025-02-23T11:57:56","modified_gmt":"2025-02-23T11:57:56","slug":"nos-produits-equipements-consommables-reactifs-pour-laboratoireste","status":"publish","type":"page","link":"https:\/\/healthlinkdistributors.com\/?page_id=1813","title":{"rendered":"Nos produits"},"content":{"rendered":"\t\t<div data-elementor-type=\"wp-page\" data-elementor-id=\"1813\" class=\"elementor elementor-1813\">\n\t\t\t\t<div class=\"elementor-element elementor-element-f3c02c8 e-flex e-con-boxed e-con e-parent\" data-id=\"f3c02c8\" data-element_type=\"container\" data-e-type=\"container\">\n\t\t\t\t\t<div class=\"e-con-inner\">\n\t\t\t\t<div class=\"elementor-element elementor-element-89a70a6 elementor-widget elementor-widget-heading\" data-id=\"89a70a6\" data-element_type=\"widget\" data-e-type=\"widget\" data-widget_type=\"heading.default\">\n\t\t\t\t<div class=\"elementor-widget-container\">\n\t\t\t\t\t<h2 class=\"elementor-heading-title elementor-size-default\">Nos Produits<\/h2>\t\t\t\t<\/div>\n\t\t\t\t<\/div>\n\t\t\t\t\t<\/div>\n\t\t\t\t<\/div>\n\t\t<div class=\"elementor-element elementor-element-d0cda40 e-flex e-con-boxed e-con e-parent\" data-id=\"d0cda40\" data-element_type=\"container\" data-e-type=\"container\" data-settings=\"{&quot;background_background&quot;:&quot;classic&quot;}\">\n\t\t\t\t\t<div class=\"e-con-inner\">\n\t\t\t\t<div class=\"elementor-element elementor-element-2bad69d wl-columns-mobile-1 wl-columns-3 elementor-widget elementor-widget-wl-category-grid\" data-id=\"2bad69d\" data-element_type=\"widget\" data-e-type=\"widget\" data-widget_type=\"wl-category-grid.default\">\n\t\t\t\t<div class=\"elementor-widget-container\">\n\t\t\t\t\t<div class=\"wl-row   \" data-settings=\"\" >                <div class=\"wl-col-3\">\n\n                                            <div class=\"ht-category-wrap\">\n                                                        <div class=\"ht-category-image-3 ht-category-image-zoom\">\n                                <a href=\"https:\/\/healthlinkdistributors.com\/?product_cat=consommable-de-laboratoire\">\n                                    <img fetchpriority=\"high\" decoding=\"async\" width=\"1600\" height=\"1600\" src=\"https:\/\/healthlinkdistributors.com\/wp-content\/uploads\/2024\/11\/WhatsApp-Image-2024-11-02-at-18.52.28.webp\" class=\"attachment-full size-full\" alt=\"\" srcset=\"https:\/\/healthlinkdistributors.com\/wp-content\/uploads\/2024\/11\/WhatsApp-Image-2024-11-02-at-18.52.28.webp 1600w, https:\/\/healthlinkdistributors.com\/wp-content\/uploads\/2024\/11\/WhatsApp-Image-2024-11-02-at-18.52.28-300x300.webp 300w, https:\/\/healthlinkdistributors.com\/wp-content\/uploads\/2024\/11\/WhatsApp-Image-2024-11-02-at-18.52.28-1024x1024.webp 1024w, https:\/\/healthlinkdistributors.com\/wp-content\/uploads\/2024\/11\/WhatsApp-Image-2024-11-02-at-18.52.28-150x150.webp 150w, https:\/\/healthlinkdistributors.com\/wp-content\/uploads\/2024\/11\/WhatsApp-Image-2024-11-02-at-18.52.28-768x768.webp 768w, https:\/\/healthlinkdistributors.com\/wp-content\/uploads\/2024\/11\/WhatsApp-Image-2024-11-02-at-18.52.28-1536x1536.webp 1536w, https:\/\/healthlinkdistributors.com\/wp-content\/uploads\/2024\/11\/WhatsApp-Image-2024-11-02-at-18.52.28-1320x1320.webp 1320w, https:\/\/healthlinkdistributors.com\/wp-content\/uploads\/2024\/11\/WhatsApp-Image-2024-11-02-at-18.52.28-600x600.webp 600w, https:\/\/healthlinkdistributors.com\/wp-content\/uploads\/2024\/11\/WhatsApp-Image-2024-11-02-at-18.52.28-100x100.webp 100w\" sizes=\"(max-width: 1600px) 100vw, 1600px\" \/>                                <\/a>\n                            <\/div>\n                                                        <div class=\"ht-category-content-5\">\n                                <h3><a href=\"https:\/\/healthlinkdistributors.com\/?product_cat=consommable-de-laboratoire\">Consommable de Laboratoire<\/a><\/h3>\n                            <\/div>\n                                                    <\/div>\n\n                    \n                <\/div>\n                                <div class=\"wl-col-3\">\n\n                                            <div class=\"ht-category-wrap\">\n                                                        <div class=\"ht-category-image-3 ht-category-image-zoom\">\n                                <a href=\"https:\/\/healthlinkdistributors.com\/?product_cat=instrument-laboratoire\">\n                                    <img decoding=\"async\" width=\"1440\" height=\"1440\" src=\"https:\/\/healthlinkdistributors.com\/wp-content\/uploads\/2024\/11\/medical-laboratory-microscope.jpg\" class=\"attachment-full size-full\" alt=\"\" srcset=\"https:\/\/healthlinkdistributors.com\/wp-content\/uploads\/2024\/11\/medical-laboratory-microscope.jpg 1440w, https:\/\/healthlinkdistributors.com\/wp-content\/uploads\/2024\/11\/medical-laboratory-microscope-300x300.jpg 300w, https:\/\/healthlinkdistributors.com\/wp-content\/uploads\/2024\/11\/medical-laboratory-microscope-1024x1024.jpg 1024w, https:\/\/healthlinkdistributors.com\/wp-content\/uploads\/2024\/11\/medical-laboratory-microscope-150x150.jpg 150w, https:\/\/healthlinkdistributors.com\/wp-content\/uploads\/2024\/11\/medical-laboratory-microscope-768x768.jpg 768w, https:\/\/healthlinkdistributors.com\/wp-content\/uploads\/2024\/11\/medical-laboratory-microscope-1320x1320.jpg 1320w, https:\/\/healthlinkdistributors.com\/wp-content\/uploads\/2024\/11\/medical-laboratory-microscope-600x600.jpg 600w, https:\/\/healthlinkdistributors.com\/wp-content\/uploads\/2024\/11\/medical-laboratory-microscope-100x100.jpg 100w\" sizes=\"(max-width: 1440px) 100vw, 1440px\" \/>                                <\/a>\n                            <\/div>\n                                                        <div class=\"ht-category-content-5\">\n                                <h3><a href=\"https:\/\/healthlinkdistributors.com\/?product_cat=instrument-laboratoire\">Instruments de Laboratoire<\/a><\/h3>\n                            <\/div>\n                                                    <\/div>\n\n                    \n                <\/div>\n                                <div class=\"wl-col-3\">\n\n                                            <div class=\"ht-category-wrap\">\n                                                        <div class=\"ht-category-image-3 ht-category-image-zoom\">\n                                <a href=\"https:\/\/healthlinkdistributors.com\/?product_cat=produit-de-medecine-esthetique\">\n                                    <img decoding=\"async\" width=\"1024\" height=\"1024\" src=\"https:\/\/healthlinkdistributors.com\/wp-content\/uploads\/2024\/11\/beauxmonts-medecine-esthetique-6-1.webp\" class=\"attachment-full size-full\" alt=\"\" srcset=\"https:\/\/healthlinkdistributors.com\/wp-content\/uploads\/2024\/11\/beauxmonts-medecine-esthetique-6-1.webp 1024w, https:\/\/healthlinkdistributors.com\/wp-content\/uploads\/2024\/11\/beauxmonts-medecine-esthetique-6-1-300x300.webp 300w, https:\/\/healthlinkdistributors.com\/wp-content\/uploads\/2024\/11\/beauxmonts-medecine-esthetique-6-1-150x150.webp 150w, https:\/\/healthlinkdistributors.com\/wp-content\/uploads\/2024\/11\/beauxmonts-medecine-esthetique-6-1-768x768.webp 768w, https:\/\/healthlinkdistributors.com\/wp-content\/uploads\/2024\/11\/beauxmonts-medecine-esthetique-6-1-600x600.webp 600w, https:\/\/healthlinkdistributors.com\/wp-content\/uploads\/2024\/11\/beauxmonts-medecine-esthetique-6-1-100x100.webp 100w\" sizes=\"(max-width: 1024px) 100vw, 1024px\" \/>                                <\/a>\n                            <\/div>\n                                                        <div class=\"ht-category-content-5\">\n                                <h3><a href=\"https:\/\/healthlinkdistributors.com\/?product_cat=produit-de-medecine-esthetique\">Produit de m\u00e9decine esth\u00e9tique<\/a><\/h3>\n                            <\/div>\n                                                    <\/div>\n\n                    \n                <\/div>\n                                <div class=\"wl-col-3\">\n\n                                            <div class=\"ht-category-wrap\">\n                                                        <div class=\"ht-category-image-3 ht-category-image-zoom\">\n                                <a href=\"https:\/\/healthlinkdistributors.com\/?product_cat=reactifs-et-produits-chimiques\">\n                                    <img loading=\"lazy\" decoding=\"async\" width=\"758\" height=\"758\" src=\"https:\/\/healthlinkdistributors.com\/wp-content\/uploads\/2024\/11\/lab-technician-doing-covid-test-1.webp\" class=\"attachment-full size-full\" alt=\"\" srcset=\"https:\/\/healthlinkdistributors.com\/wp-content\/uploads\/2024\/11\/lab-technician-doing-covid-test-1.webp 758w, https:\/\/healthlinkdistributors.com\/wp-content\/uploads\/2024\/11\/lab-technician-doing-covid-test-1-300x300.webp 300w, https:\/\/healthlinkdistributors.com\/wp-content\/uploads\/2024\/11\/lab-technician-doing-covid-test-1-150x150.webp 150w, https:\/\/healthlinkdistributors.com\/wp-content\/uploads\/2024\/11\/lab-technician-doing-covid-test-1-600x600.webp 600w, https:\/\/healthlinkdistributors.com\/wp-content\/uploads\/2024\/11\/lab-technician-doing-covid-test-1-100x100.webp 100w\" sizes=\"(max-width: 758px) 100vw, 758px\" \/>                                <\/a>\n                            <\/div>\n                                                        <div class=\"ht-category-content-5\">\n                                <h3><a href=\"https:\/\/healthlinkdistributors.com\/?product_cat=reactifs-et-produits-chimiques\">R\u00e9actifs et Produits chimiques<\/a><\/h3>\n                            <\/div>\n                                                    <\/div>\n\n                    \n                <\/div>\n                <\/div>\t\t\t\t<\/div>\n\t\t\t\t<\/div>\n\t\t\t\t\t<\/div>\n\t\t\t\t<\/div>\n\t\t\t\t<\/div>\n\t\t","protected":false},"excerpt":{"rendered":"<p>Nos Produits Consommable de Laboratoire Instruments de Laboratoire Produit de m\u00e9decine esth\u00e9tique R\u00e9actifs et Produits chimiques<\/p>\n","protected":false},"author":1,"featured_media":0,"parent":0,"menu_order":0,"comment_status":"closed","ping_status":"closed","template":"","meta":{"_uag_custom_page_level_css":"","site-sidebar-layout":"no-sidebar","site-content-layout":"page-builder","ast-site-content-layout":"full-width-container","site-content-style":"default","site-sidebar-style":"default","ast-global-header-display":"","ast-banner-title-visibility":"","ast-main-header-display":"","ast-hfb-above-header-display":"","ast-hfb-below-header-display":"","ast-hfb-mobile-header-display":"","site-post-title":"disabled","ast-breadcrumbs-content":"","ast-featured-img":"disabled","footer-sml-layout":"","ast-disable-related-posts":"","theme-transparent-header-meta":"","adv-header-id-meta":"","stick-header-meta":"","header-above-stick-meta":"","header-main-stick-meta":"","header-below-stick-meta":"","astra-migrate-meta-layouts":"set","ast-page-background-enabled":"default","ast-page-background-meta":{"desktop":{"background-color":"","background-image":"","background-repeat":"repeat","background-position":"center center","background-size":"auto","background-attachment":"scroll","background-type":"","background-media":"","overlay-type":"","overlay-color":"","overlay-opacity":"","overlay-gradient":""},"tablet":{"background-color":"","background-image":"","background-repeat":"repeat","background-position":"center center","background-size":"auto","background-attachment":"scroll","background-type":"","background-media":"","overlay-type":"","overlay-color":"","overlay-opacity":"","overlay-gradient":""},"mobile":{"background-color":"","background-image":"","background-repeat":"repeat","background-position":"center center","background-size":"auto","background-attachment":"scroll","background-type":"","background-media":"","overlay-type":"","overlay-color":"","overlay-opacity":"","overlay-gradient":""}},"ast-content-background-meta":{"desktop":{"background-color":"var(--ast-global-color-4)","background-image":"","background-repeat":"repeat","background-position":"center center","background-size":"auto","background-attachment":"scroll","background-type":"","background-media":"","overlay-type":"","overlay-color":"","overlay-opacity":"","overlay-gradient":""},"tablet":{"background-color":"var(--ast-global-color-4)","background-image":"","background-repeat":"repeat","background-position":"center center","background-size":"auto","background-attachment":"scroll","background-type":"","background-media":"","overlay-type":"","overlay-color":"","overlay-opacity":"","overlay-gradient":""},"mobile":{"background-color":"var(--ast-global-color-4)","background-image":"","background-repeat":"repeat","background-position":"center center","background-size":"auto","background-attachment":"scroll","background-type":"","background-media":"","overlay-type":"","overlay-color":"","overlay-opacity":"","overlay-gradient":""}},"footnotes":""},"class_list":["post-1813","page","type-page","status-publish","hentry"],"yoast_head":"<!-- This site is optimized with the Yoast SEO plugin v24.5 - https:\/\/yoast.com\/wordpress\/plugins\/seo\/ -->\n<title>HealthlinkDistributors - Nos Produits<\/title>\n<meta name=\"description\" content=\"Healthlinkdistributors leader dans la vente d&#039;\u00e9quipement, consommables, r\u00e9actifs, milieux de culture pour laboratoires. Mat\u00e9riel &amp; Consommable\" \/>\n<meta name=\"robots\" content=\"index, follow, max-snippet:-1, max-image-preview:large, max-video-preview:-1\" \/>\n<link rel=\"canonical\" href=\"https:\/\/healthlinkdistributors.com\/?page_id=1813\" \/>\n<meta property=\"og:locale\" content=\"fr_FR\" \/>\n<meta property=\"og:type\" content=\"article\" \/>\n<meta property=\"og:title\" content=\"HealthlinkDistributors - Nos Produits\" \/>\n<meta property=\"og:description\" content=\"Healthlinkdistributors leader dans la vente d&#039;\u00e9quipement, consommables, r\u00e9actifs, milieux de culture pour laboratoires. Mat\u00e9riel &amp; Consommable\" \/>\n<meta property=\"og:url\" content=\"https:\/\/healthlinkdistributors.com\/?page_id=1813\" \/>\n<meta property=\"og:site_name\" content=\"healthlinkdistributors\" \/>\n<meta property=\"article:publisher\" content=\"https:\/\/www.facebook.com\/share\/1C3ZdXDcGK\/?mibextid=wwXIfr\" \/>\n<meta property=\"article:modified_time\" content=\"2025-02-23T11:57:56+00:00\" \/>\n<meta property=\"og:image\" content=\"https:\/\/healthlinkdistributors.com\/wp-content\/uploads\/2024\/11\/WhatsApp-Image-2024-11-02-at-18.52.28.webp\" \/>\n<meta name=\"twitter:card\" content=\"summary_large_image\" \/>\n<meta name=\"twitter:label1\" content=\"Dur\u00e9e de lecture estim\u00e9e\" \/>\n\t<meta name=\"twitter:data1\" content=\"1 minute\" \/>\n<script type=\"application\/ld+json\" class=\"yoast-schema-graph\">{\"@context\":\"https:\/\/schema.org\",\"@graph\":[{\"@type\":\"WebPage\",\"@id\":\"https:\/\/healthlinkdistributors.com\/?page_id=1813\",\"url\":\"https:\/\/healthlinkdistributors.com\/?page_id=1813\",\"name\":\"HealthlinkDistributors - Nos Produits\",\"isPartOf\":{\"@id\":\"https:\/\/healthlinkdistributors.com\/#website\"},\"primaryImageOfPage\":{\"@id\":\"https:\/\/healthlinkdistributors.com\/?page_id=1813#primaryimage\"},\"image\":{\"@id\":\"https:\/\/healthlinkdistributors.com\/?page_id=1813#primaryimage\"},\"thumbnailUrl\":\"https:\/\/healthlinkdistributors.com\/wp-content\/uploads\/2024\/11\/WhatsApp-Image-2024-11-02-at-18.52.28.webp\",\"datePublished\":\"2024-11-09T16:55:38+00:00\",\"dateModified\":\"2025-02-23T11:57:56+00:00\",\"description\":\"Healthlinkdistributors leader dans la vente d'\u00e9quipement, consommables, r\u00e9actifs, milieux de culture pour laboratoires. Mat\u00e9riel & Consommable\",\"breadcrumb\":{\"@id\":\"https:\/\/healthlinkdistributors.com\/?page_id=1813#breadcrumb\"},\"inLanguage\":\"fr-FR\",\"potentialAction\":[{\"@type\":\"ReadAction\",\"target\":[\"https:\/\/healthlinkdistributors.com\/?page_id=1813\"]}]},{\"@type\":\"ImageObject\",\"inLanguage\":\"fr-FR\",\"@id\":\"https:\/\/healthlinkdistributors.com\/?page_id=1813#primaryimage\",\"url\":\"https:\/\/healthlinkdistributors.com\/wp-content\/uploads\/2024\/11\/WhatsApp-Image-2024-11-02-at-18.52.28.webp\",\"contentUrl\":\"https:\/\/healthlinkdistributors.com\/wp-content\/uploads\/2024\/11\/WhatsApp-Image-2024-11-02-at-18.52.28.webp\",\"width\":1600,\"height\":1600},{\"@type\":\"BreadcrumbList\",\"@id\":\"https:\/\/healthlinkdistributors.com\/?page_id=1813#breadcrumb\",\"itemListElement\":[{\"@type\":\"ListItem\",\"position\":1,\"name\":\"Accueil\",\"item\":\"https:\/\/healthlinkdistributors.com\/\"},{\"@type\":\"ListItem\",\"position\":2,\"name\":\"Nos produits\"}]},{\"@type\":\"WebSite\",\"@id\":\"https:\/\/healthlinkdistributors.com\/#website\",\"url\":\"https:\/\/healthlinkdistributors.com\/\",\"name\":\"healthlinkdistributors\",\"description\":\"\",\"publisher\":{\"@id\":\"https:\/\/healthlinkdistributors.com\/#organization\"},\"potentialAction\":[{\"@type\":\"SearchAction\",\"target\":{\"@type\":\"EntryPoint\",\"urlTemplate\":\"https:\/\/healthlinkdistributors.com\/?s={search_term_string}\"},\"query-input\":{\"@type\":\"PropertyValueSpecification\",\"valueRequired\":true,\"valueName\":\"search_term_string\"}}],\"inLanguage\":\"fr-FR\"},{\"@type\":\"Organization\",\"@id\":\"https:\/\/healthlinkdistributors.com\/#organization\",\"name\":\"healthlinkdistributors\",\"url\":\"https:\/\/healthlinkdistributors.com\/\",\"logo\":{\"@type\":\"ImageObject\",\"inLanguage\":\"fr-FR\",\"@id\":\"https:\/\/healthlinkdistributors.com\/#\/schema\/logo\/image\/\",\"url\":\"https:\/\/healthlinkdistributors.com\/wp-content\/uploads\/2024\/11\/cropped-IMG_8390.png\",\"contentUrl\":\"https:\/\/healthlinkdistributors.com\/wp-content\/uploads\/2024\/11\/cropped-IMG_8390.png\",\"width\":572,\"height\":202,\"caption\":\"healthlinkdistributors\"},\"image\":{\"@id\":\"https:\/\/healthlinkdistributors.com\/#\/schema\/logo\/image\/\"},\"sameAs\":[\"https:\/\/www.facebook.com\/share\/1C3ZdXDcGK\/?mibextid=wwXIfr\"]}]}<\/script>\n<!-- \/ Yoast SEO plugin. -->","yoast_head_json":{"title":"HealthlinkDistributors - Nos Produits","description":"Healthlinkdistributors leader dans la vente d'\u00e9quipement, consommables, r\u00e9actifs, milieux de culture pour laboratoires. Mat\u00e9riel & Consommable","robots":{"index":"index","follow":"follow","max-snippet":"max-snippet:-1","max-image-preview":"max-image-preview:large","max-video-preview":"max-video-preview:-1"},"canonical":"https:\/\/healthlinkdistributors.com\/?page_id=1813","og_locale":"fr_FR","og_type":"article","og_title":"HealthlinkDistributors - Nos Produits","og_description":"Healthlinkdistributors leader dans la vente d'\u00e9quipement, consommables, r\u00e9actifs, milieux de culture pour laboratoires. Mat\u00e9riel & Consommable","og_url":"https:\/\/healthlinkdistributors.com\/?page_id=1813","og_site_name":"healthlinkdistributors","article_publisher":"https:\/\/www.facebook.com\/share\/1C3ZdXDcGK\/?mibextid=wwXIfr","article_modified_time":"2025-02-23T11:57:56+00:00","og_image":[{"url":"https:\/\/healthlinkdistributors.com\/wp-content\/uploads\/2024\/11\/WhatsApp-Image-2024-11-02-at-18.52.28.webp","type":"","width":"","height":""}],"twitter_card":"summary_large_image","twitter_misc":{"Dur\u00e9e de lecture estim\u00e9e":"1 minute"},"schema":{"@context":"https:\/\/schema.org","@graph":[{"@type":"WebPage","@id":"https:\/\/healthlinkdistributors.com\/?page_id=1813","url":"https:\/\/healthlinkdistributors.com\/?page_id=1813","name":"HealthlinkDistributors - Nos Produits","isPartOf":{"@id":"https:\/\/healthlinkdistributors.com\/#website"},"primaryImageOfPage":{"@id":"https:\/\/healthlinkdistributors.com\/?page_id=1813#primaryimage"},"image":{"@id":"https:\/\/healthlinkdistributors.com\/?page_id=1813#primaryimage"},"thumbnailUrl":"https:\/\/healthlinkdistributors.com\/wp-content\/uploads\/2024\/11\/WhatsApp-Image-2024-11-02-at-18.52.28.webp","datePublished":"2024-11-09T16:55:38+00:00","dateModified":"2025-02-23T11:57:56+00:00","description":"Healthlinkdistributors leader dans la vente d'\u00e9quipement, consommables, r\u00e9actifs, milieux de culture pour laboratoires. Mat\u00e9riel & Consommable","breadcrumb":{"@id":"https:\/\/healthlinkdistributors.com\/?page_id=1813#breadcrumb"},"inLanguage":"fr-FR","potentialAction":[{"@type":"ReadAction","target":["https:\/\/healthlinkdistributors.com\/?page_id=1813"]}]},{"@type":"ImageObject","inLanguage":"fr-FR","@id":"https:\/\/healthlinkdistributors.com\/?page_id=1813#primaryimage","url":"https:\/\/healthlinkdistributors.com\/wp-content\/uploads\/2024\/11\/WhatsApp-Image-2024-11-02-at-18.52.28.webp","contentUrl":"https:\/\/healthlinkdistributors.com\/wp-content\/uploads\/2024\/11\/WhatsApp-Image-2024-11-02-at-18.52.28.webp","width":1600,"height":1600},{"@type":"BreadcrumbList","@id":"https:\/\/healthlinkdistributors.com\/?page_id=1813#breadcrumb","itemListElement":[{"@type":"ListItem","position":1,"name":"Accueil","item":"https:\/\/healthlinkdistributors.com\/"},{"@type":"ListItem","position":2,"name":"Nos produits"}]},{"@type":"WebSite","@id":"https:\/\/healthlinkdistributors.com\/#website","url":"https:\/\/healthlinkdistributors.com\/","name":"healthlinkdistributors","description":"","publisher":{"@id":"https:\/\/healthlinkdistributors.com\/#organization"},"potentialAction":[{"@type":"SearchAction","target":{"@type":"EntryPoint","urlTemplate":"https:\/\/healthlinkdistributors.com\/?s={search_term_string}"},"query-input":{"@type":"PropertyValueSpecification","valueRequired":true,"valueName":"search_term_string"}}],"inLanguage":"fr-FR"},{"@type":"Organization","@id":"https:\/\/healthlinkdistributors.com\/#organization","name":"healthlinkdistributors","url":"https:\/\/healthlinkdistributors.com\/","logo":{"@type":"ImageObject","inLanguage":"fr-FR","@id":"https:\/\/healthlinkdistributors.com\/#\/schema\/logo\/image\/","url":"https:\/\/healthlinkdistributors.com\/wp-content\/uploads\/2024\/11\/cropped-IMG_8390.png","contentUrl":"https:\/\/healthlinkdistributors.com\/wp-content\/uploads\/2024\/11\/cropped-IMG_8390.png","width":572,"height":202,"caption":"healthlinkdistributors"},"image":{"@id":"https:\/\/healthlinkdistributors.com\/#\/schema\/logo\/image\/"},"sameAs":["https:\/\/www.facebook.com\/share\/1C3ZdXDcGK\/?mibextid=wwXIfr"]}]}},"jetpack_sharing_enabled":true,"uagb_featured_image_src":{"full":false,"thumbnail":false,"medium":false,"medium_large":false,"large":false,"1536x1536":false,"2048x2048":false,"mailpoet_newsletter_max":false,"woocommerce_thumbnail":false,"woocommerce_single":false,"woocommerce_gallery_thumbnail":false},"uagb_author_info":{"display_name":"Healthlink","author_link":"https:\/\/healthlinkdistributors.com\/?author=1"},"uagb_comment_info":0,"uagb_excerpt":"Nos Produits Consommable de Laboratoire Instruments de Laboratoire Produit de m\u00e9decine esth\u00e9tique R\u00e9actifs et Produits chimiques","_links":{"self":[{"href":"https:\/\/healthlinkdistributors.com\/index.php?rest_route=\/wp\/v2\/pages\/1813"}],"collection":[{"href":"https:\/\/healthlinkdistributors.com\/index.php?rest_route=\/wp\/v2\/pages"}],"about":[{"href":"https:\/\/healthlinkdistributors.com\/index.php?rest_route=\/wp\/v2\/types\/page"}],"author":[{"embeddable":true,"href":"https:\/\/healthlinkdistributors.com\/index.php?rest_route=\/wp\/v2\/users\/1"}],"replies":[{"embeddable":true,"href":"https:\/\/healthlinkdistributors.com\/index.php?rest_route=%2Fwp%2Fv2%2Fcomments&post=1813"}],"version-history":[{"count":44,"href":"https:\/\/healthlinkdistributors.com\/index.php?rest_route=\/wp\/v2\/pages\/1813\/revisions"}],"predecessor-version":[{"id":1958,"href":"https:\/\/healthlinkdistributors.com\/index.php?rest_route=\/wp\/v2\/pages\/1813\/revisions\/1958"}],"wp:attachment":[{"href":"https:\/\/healthlinkdistributors.com\/index.php?rest_route=%2Fwp%2Fv2%2Fmedia&parent=1813"}],"curies":[{"name":"wp","href":"https:\/\/api.w.org\/{rel}","templated":true}]}}